What is the billions digit of 2253274522?
2
What is the thousands digit of 125848776?
8
What is the ten millions digit of 17103571?
1
What is the ten thousands digit of 233132629?
3
What is the thousands digit of 878895562?
5
What is the hundreds digit of 4135329?
3
What is the hundreds digit of 5061123340?
3
What is the tens digit of 39845989?
8
What is the ten thousands digit of 60831061?
3
What is the billions digit of 1762676817?
1
What is the units digit of 195205706?
6
What is the millions digit of 2636553704?
6
What is the thousands digit of 212088123?
8
What is the thousands digit of 145419009?
9
What is the thousands digit of 273734319?
4
What is the hundreds digit of 226488320?
3
What is the ten thousands digit of 26974649?
7
What is the ten thousands digit of 3609540743?
4
What is the millions digit of 71271027?
1
What is the hundred thousands digit of 997156464?
1
What is the millions digit of 2656406041?
6
What is the billions digit of 1985658015?
1
What is the hundred thousands digit of 287368181?
3
What is the ten millions digit of 55202639?
5
What is the ten millions digit of 77026962?
7
What is the thousands digit of 4359781506?
1
What is the tens digit of 1657195624?
2
What is the ten thousands digit of 531084497?
8
What is the thousands digit of 4568628046?
8
What is the ten millions digit of 68438178?
6
What is the ten thousands digit of 6639266983?
6
What is the hundreds digit of 495734403?
4
What is the thousands digit of 1741646984?
6
What is the tens digit of 288365783?
8
What is the hundred millions digit of 244143697?
2
What is the hundred thousands digit of 63235192?
2
What is the ten millions digit of 420436298?
2
What is the ten thousands digit of 140089135?
8
What is the millions digit of 978909160?
8
What is the hundreds digit of 221470766?
7
What is the units digit of 1242346646?
6
What is the millions digit of 488348241?
8
What is the hundred thousands digit of 1012066839?
0
What is the ten millions digit of 212602386?
1
What is the ten millions digit of 113980022?
1
What is the ten thousands digit of 27927198?
2
What is the tens digit of 2636628?
2
What is the units digit of 1359556432?
2
What is the ten millions digit of 20767417?
2
What is the ten millions digit of 896291943?
9
What is the thousands digit of 2057289993?
9
What is the units digit of 33870150?
0
What is the millions digit of 29817743?
9
What is the millions digit of 350549907?
0
What is the hundreds digit of 6549316?
3
What is the thousands digit of 1348091902?
1
What is the thousands digit of 73848841?
8
What is the hundreds digit of 237066332?
3
What is the hundred thousands digit of 35457134?
4
What is the units digit of 413713131?
1
What is the tens digit of 276751958?
5
What is the billions digit of 3588286646?
3
What is the ten thousands digit of 364680515?
8
What is the tens digit of 68037008?
0
What is the hundred thousands digit of 114794482?
7
What is the hundred thousands digit of 3465497262?
4
What is the ten millions digit of 1136889886?
3
What is the ten thousands digit of 188814414?
1
What is the ten millions digit of 6899731096?
9
What is the ten thousands digit of 306228180?
2
What is the hundred millions digit of 1065660441?
0
What is the thousands digit of 49866134?
6
What is the hundred millions digit of 1358157969?
3
What is the hundred thousands digit of 1339230?
3
What is the units digit of 1484102886?
6
What is the units digit of 30755716?
6
What is the tens digit of 198480368?
6
What is the thousands digit of 227502371?
2
What is the millions digit of 179306198?
9
What is the hundred millions digit of 1325876680?
3
What is the tens digit of 80544356?
5
What is the thousands digit of 42781019?
1
What is the hundred thousands digit of 102657941?
6
What is the ten millions digit of 106824047?
0
What is the ten thousands digit of 206278865?
7
What is the ten millions digit of 69944445?
6
What is the hundred millions digit of 992211157?
9
What is the thousands digit of 2467822836?
2
What is the hundred thousands digit of 2581284318?
2
What is the ten thousands digit of 2387208773?
0
What is the ten thousands digit of 212182726?
8
What is the ten thousands digit of 4675844042?
4
What is the ten millions digit of 1844303611?
4
What is the thousands digit of 6221610378?
0
What is the thousands digit of 634745783?
5
What is the ten thousands digit of 88298134?
9
What is the units digit of 81032238?
8
What is the ten thousands digit of 31901340?
0
What is the tens digit of 492170669?
6
What is the ten millions digit of 61488448?
6
What is the hundred thousands digit of 326303790?
3
What is the units digit of 2374864537?
7
What is the millions digit of 1204627142?
4
What is the ten thousands digit of 2723110626?
1
What is the hundreds digit of 513707766?
7
What is the tens digit of 3479465?
6
What is the ten thousands digit of 31925184?
2
What is the ten millions digit of 3721095448?
2
What is the units digit of 6122485382?
2
What is the hundred millions digit of 226429466?
2
What is the hundreds digit of 3470551512?
5
What is the millions digit of 70644678?
0
What is the tens digit of 97726800?
0
What is the units digit of 69182561?
1
What is the hundreds digit of 115001472?
4
What is the hundred millions digit of 224754521?
2
What is the ten thousands digit of 140617117?
1
What is the hundred thousands digit of 142729023?
7
What is the thousands digit of 512297447?
7
What is the ten millions digit of 555332941?
5
What is the ten millions digit of 142356704?
4
What is the billions digit of 1555015713?
1
What is the tens digit of 1823616849?
4
What is the hundred thousands digit of 399479050?
4
What is the ten thousands digit of 4587991?
8
What is the ten thousands digit of 51181893?
8
What is the thousands digit of 395216692?
6
What is the thousands digit of 42957409?
7
What is the ten millions digit of 585671690?
8
What is the units digit of 1118531345?
5
What is the thousands digit of 903779857?
9
What is the ten thousands digit of 2845683500?
8
What is the millions digit of 454619594?
4
What is the thousands digit of 232077958?
7
What is the tens digit of 657952826?
2
What is the units digit of 925344778?
8
What is the ten millions digit of 369194303?
6
What is the tens digit of 1677708991?
9
What is the hundreds digit of 235980929?
9
What is the hundred millions digit of 630048766?
6
What is the units digit of 98628396?
6
What is the tens digit of 37966013?
1
What is the millions digit of 1573743688?
3
What is the ten millions digit of 17029032?
1
What is the hundred millions digit of 3031356417?
0
What is the ten millions digit of 106848000?
0
What is the hundred thousands digit of 19880399?
8
What is the ten millions digit of 79306686?
7
What is the hundred thousands digit of 297045471?
0
What is the hundred millions digit of 5080843791?
0
What is the hundred thousands digit of 1500270?
5
What is the ten thousands digit of 2395176951?
7
What is the thousands digit of 451960633?
0
What is the units digit of 20644545?
5
What is the hundreds digit of 26890872?
8
What is the hundreds digit of 2324870287?
2
What is the hundred millions digit of 117844349?
1
What is the hundred millions digit of 295066064?
2
What is the ten millions digit of 227315858?
2
What is the millions digit of 118258507?
8
What is the millions digit of 803565731?
3
What is the units digit of 924976900?
0
What is the thousands digit of 142301166?
1
What is the millions digit of 57476477?
7
What is the billions digit of 2203480512?
2
What is the thousands digit of 118454513?
4
What is the tens digit of 39030320?
2
What is the ten thousands digit of 1301993346?
9
What is the ten millions digit of 55389805?
5
What is the millions digit of 1204760260?
4
What is the ten thousands digit of 28134314?
3
What is the hundred millions digit of 632597620?
6
What is the hundreds digit of 557439381?
3
What is the hundreds digit of 91083795?
7
What is the hundred thousands digit of 144443340?
4
What is the tens digit of 3527827?
2
What is the billions digit of 2052830281?
2
What is the millions digit of 148373460?
8
What is the hundreds digit of 1418214361?
3
What is the hundred thousands digit of 51505533?
5
What is the hundred millions digit of 293307673?
2
What i